{"id":1740,"date":"2025-10-17T09:52:07","date_gmt":"2025-10-17T09:52:07","guid":{"rendered":"https:\/\/www.heimatverein-unteres-zusamtal.de\/?page_id=1740"},"modified":"2025-10-17T09:57:17","modified_gmt":"2025-10-17T09:57:17","slug":"lieblingsstuecke","status":"publish","type":"page","link":"https:\/\/www.heimatverein-unteres-zusamtal.de\/index.php\/lieblingsstuecke\/","title":{"rendered":"Lieblingsst\u00fccke"},"content":{"rendered":"<p>[et_pb_section fb_built=&#8220;1&#8243; fullwidth=&#8220;on&#8220; disabled_on=&#8220;off|off|off&#8220; _builder_version=&#8220;4.27.4&#8243; _module_preset=&#8220;default&#8220; bottom_divider_style=&#8220;wave2&#8243; bottom_divider_color=&#8220;#FFFFFF&#8220; bottom_divider_height=&#8220;196px&#8220; bottom_divider_flip=&#8220;horizontal&#8220; global_colors_info=&#8220;{}&#8220;][et_pb_fullwidth_header title=&#8220;Lieblingsst\u00fccke&#8220; background_overlay_color=&#8220;rgba(0,0,0,0.16)&#8220; _builder_version=&#8220;4.27.4&#8243; _module_preset=&#8220;default&#8220; title_font=&#8220;|&#8211;et_global_heading_font_weight|||||||&#8220; title_text_align=&#8220;center&#8220; title_font_size=&#8220;42px&#8220; title_line_height=&#8220;1.7em&#8220; background_color=&#8220;#FFFFFF&#8220; background_image=&#8220;https:\/\/www.heimatverein-unteres-zusamtal.de\/wp-content\/uploads\/2025\/10\/Helmut-1.jpg&#8220; background_position=&#8220;bottom_center&#8220; module_alignment=&#8220;center&#8220; min_height=&#8220;640px&#8220; custom_margin=&#8220;||||false|false&#8220; custom_padding=&#8220;20px||600px||false|false&#8220; animation_style=&#8220;fade&#8220; global_colors_info=&#8220;{}&#8220;][\/et_pb_fullwidth_header][\/et_pb_section][et_pb_section fb_built=&#8220;1&#8243; theme_builder_area=&#8220;post_content&#8220; _builder_version=&#8220;4.27.4&#8243; _module_preset=&#8220;default&#8220; custom_padding=&#8220;7px||6px|||&#8220;][et_pb_row _builder_version=&#8220;4.27.4&#8243; _module_preset=&#8220;default&#8220; theme_builder_area=&#8220;post_content&#8220;][et_pb_column _builder_version=&#8220;4.27.4&#8243; _module_preset=&#8220;default&#8220; type=&#8220;4_4&#8243; theme_builder_area=&#8220;post_content&#8220;][et_pb_text _builder_version=&#8220;4.27.4&#8243; _module_preset=&#8220;default&#8220; header_font_size=&#8220;26px&#8220; hover_enabled=&#8220;0&#8243; global_colors_info=&#8220;{}&#8220; sticky_enabled=&#8220;0&#8243; theme_builder_area=&#8220;post_content&#8220;]<\/p>\n<h1 style=\"text-align: center;\"><strong>Lieblingsobjekte von ehrenamtlichen Vereinsmitarbeitern<\/strong><\/h1>\n<p>[\/et_pb_text][\/et_pb_column][\/et_pb_row][\/et_pb_section][et_pb_section fb_built=&#8220;1&#8243; admin_label=&#8220;Quote&#8220; _builder_version=&#8220;4.27.3&#8243; background_color=&#8220;#0C71C3&#8243; background_enable_image=&#8220;off&#8220; parallax=&#8220;on&#8220; max_width=&#8220;97%&#8220; max_width_tablet=&#8220;100%&#8220; max_width_phone=&#8220;&#8220; max_width_last_edited=&#8220;on|desktop&#8220; module_alignment=&#8220;center&#8220; custom_margin=&#8220;0em||||false|false&#8220; custom_padding=&#8220;18px||||false|false&#8220; animation_style=&#8220;slide&#8220; animation_direction=&#8220;left&#8220; border_radii=&#8220;off||55px|55px|&#8220; global_colors_info=&#8220;{}&#8220;][et_pb_row _builder_version=&#8220;4.27.3&#8243; _module_preset=&#8220;default&#8220; global_colors_info=&#8220;{}&#8220;][et_pb_column type=&#8220;4_4&#8243; _builder_version=&#8220;4.27.3&#8243; _module_preset=&#8220;default&#8220; global_colors_info=&#8220;{}&#8220;][et_pb_blog fullwidth=&#8220;off&#8220; include_categories=&#8220;57&#8243; show_author=&#8220;off&#8220; show_date=&#8220;off&#8220; _builder_version=&#8220;4.27.3&#8243; _module_preset=&#8220;default&#8220; global_colors_info=&#8220;{}&#8220;][\/et_pb_blog][\/et_pb_column][\/et_pb_row][\/et_pb_section][et_pb_section fb_built=&#8220;1&#8243; _builder_version=&#8220;4.27.4&#8243; _module_preset=&#8220;default&#8220; animation_style=&#8220;slide&#8220; global_colors_info=&#8220;{}&#8220;][et_pb_row column_structure=&#8220;1_3,1_3,1_3&#8243; _builder_version=&#8220;4.27.4&#8243; _module_preset=&#8220;default&#8220; global_colors_info=&#8220;{}&#8220;][et_pb_column type=&#8220;1_3&#8243; _builder_version=&#8220;4.27.4&#8243; _module_preset=&#8220;default&#8220; global_colors_info=&#8220;{}&#8220;][et_pb_image src=&#8220;https:\/\/www.heimatverein-unteres-zusamtal.de\/wp-content\/uploads\/2024\/11\/Heimatverein-Kaesinger-1-8601.jpg&#8220; title_text=&#8220;Heimatverein-Kaesinger-1-8601&#8243; align=&#8220;center&#8220; _builder_version=&#8220;4.27.3&#8243; _module_preset=&#8220;default&#8220; module_alignment=&#8220;center&#8220; custom_margin=&#8220;||||false|false&#8220; custom_padding=&#8220;||||false|true&#8220; animation_style=&#8220;slide&#8220; animation_direction=&#8220;right&#8220; global_colors_info=&#8220;{}&#8220;][\/et_pb_image][\/et_pb_column][et_pb_column type=&#8220;1_3&#8243; _builder_version=&#8220;4.27.4&#8243; _module_preset=&#8220;default&#8220; global_colors_info=&#8220;{}&#8220;][et_pb_image src=&#8220;https:\/\/www.heimatverein-unteres-zusamtal.de\/wp-content\/uploads\/2024\/11\/Heimatverein-Kaesinger-1-8569.jpg&#8220; title_text=&#8220;Heimatverein-Kaesinger-1-8569&#8243; align=&#8220;center&#8220; _builder_version=&#8220;4.27.3&#8243; _module_preset=&#8220;default&#8220; module_alignment=&#8220;center&#8220; custom_margin=&#8220;||||false|false&#8220; custom_padding=&#8220;||||false|true&#8220; animation_style=&#8220;slide&#8220; animation_direction=&#8220;right&#8220; global_colors_info=&#8220;{}&#8220;][\/et_pb_image][\/et_pb_column][et_pb_column type=&#8220;1_3&#8243; _builder_version=&#8220;4.27.4&#8243; _module_preset=&#8220;default&#8220; global_colors_info=&#8220;{}&#8220;][et_pb_image src=&#8220;https:\/\/www.heimatverein-unteres-zusamtal.de\/wp-content\/uploads\/2024\/11\/Heimatverein-Kaesinger-1-8610.jpg&#8220; title_text=&#8220;Heimatverein-Kaesinger-1-8610&#8243; align=&#8220;center&#8220; _builder_version=&#8220;4.27.3&#8243; _module_preset=&#8220;default&#8220; module_alignment=&#8220;center&#8220; custom_margin=&#8220;||||false|false&#8220; custom_padding=&#8220;||||false|true&#8220; animation_style=&#8220;slide&#8220; animation_direction=&#8220;right&#8220; global_colors_info=&#8220;{}&#8220;][\/et_pb_image][\/et_pb_column][\/et_pb_row][\/et_pb_section]<\/p>\n","protected":false},"excerpt":{"rendered":"<p>Lieblingsobjekte von ehrenamtlichen Vereinsmitarbeitern<\/p>\n","protected":false},"author":1,"featured_media":0,"parent":0,"menu_order":0,"comment_status":"closed","ping_status":"closed","template":"","meta":{"_et_pb_use_builder":"on","_et_pb_old_content":"<p>[et_pb_section fb_built=\"1\" fullwidth=\"on\" disabled_on=\"off|off|off\" _builder_version=\"4.27.3\" _module_preset=\"default\" bottom_divider_style=\"wave2\" bottom_divider_color=\"#FFFFFF\" bottom_divider_height=\"196px\" bottom_divider_flip=\"horizontal\" global_colors_info=\"{}\"][et_pb_fullwidth_header title=\"Heimatkundliche Sammlung\" background_overlay_color=\"rgba(0,0,0,0.16)\" _builder_version=\"4.27.3\" _module_preset=\"default\" title_font=\"|--et_global_heading_font_weight|||||||\" title_text_align=\"center\" title_font_size=\"42px\" title_line_height=\"1.7em\" background_color=\"#FFFFFF\" background_image=\"https:\/\/www.heimatverein-unteres-zusamtal.de\/wp-content\/uploads\/2024\/11\/Heimatverein-Kaesinger-1-8553.jpg\" module_alignment=\"center\" min_height=\"640px\" custom_margin=\"||||false|false\" custom_padding=\"20px||600px||false|false\" animation_style=\"fade\" global_colors_info=\"{}\"][\/et_pb_fullwidth_header][\/et_pb_section][et_pb_section fb_built=\"1\" admin_label=\"About\" _builder_version=\"4.16\" custom_padding=\"10px||20px|||\" global_colors_info=\"{}\"][et_pb_row _builder_version=\"4.16\" custom_margin=\"|||\" custom_padding=\"26px||48px|||\" global_colors_info=\"{}\"][et_pb_column type=\"4_4\" _builder_version=\"4.16\" custom_padding=\"|||\" global_colors_info=\"{}\" custom_padding__hover=\"|||\"][et_pb_text admin_label=\"Title\" _builder_version=\"4.27.3\" text_font=\"Montserrat|300|||||||\" text_font_size=\"16px\" text_line_height=\"1.8em\" header_font=\"Arial||||||||\" header_2_font=\"Arial|500|||||||\" header_2_text_align=\"center\" header_2_font_size=\"40px\" header_2_line_height=\"1.4em\" header_3_font_size=\"30px\" text_orientation=\"center\" max_width=\"700px\" module_alignment=\"center\" custom_margin=\"||-36px|||\" animation_style=\"slide\" animation_direction=\"right\" global_colors_info=\"{}\"]<\/p><h2>Unsere heimatkundliche Sammlung im Zehentstadel in Pfaffenhofen<\/h2><section class=\"avada-page-titlebar-wrapper\" aria-label=\"Page Title Bar\"><div class=\"fusion-page-title-bar fusion-page-title-bar-breadcrumbs fusion-page-title-bar-left\"><div class=\"fusion-page-title-row\"><div class=\"fusion-page-title-wrapper\">\u00a0<\/div><\/div><\/div><\/section><p>[\/et_pb_text][\/et_pb_column][\/et_pb_row][\/et_pb_section][et_pb_section fb_built=\"1\" admin_label=\"Quote\" _builder_version=\"4.27.3\" background_color=\"#0C71C3\" background_enable_image=\"off\" parallax=\"on\" max_width=\"97%\" max_width_tablet=\"100%\" max_width_phone=\"\" max_width_last_edited=\"on|desktop\" module_alignment=\"center\" custom_margin=\"||||false|false\" custom_padding=\"18px||||false|false\" animation_style=\"slide\" animation_direction=\"left\" border_radii=\"off||55px|55px|\" global_colors_info=\"{}\"][et_pb_row column_structure=\"2_3,1_3\" _builder_version=\"4.27.3\" max_width=\"80%\" custom_margin=\"||||false|false\" custom_margin_tablet=\"|10%||10%\" custom_margin_phone=\"\" custom_margin_last_edited=\"on|tablet\" custom_padding=\"|||\" use_custom_width=\"on\" width_unit=\"off\" global_colors_info=\"{}\"][et_pb_column type=\"2_3\" _builder_version=\"4.16\" custom_padding=\"|||\" global_colors_info=\"{}\" custom_padding__hover=\"|||\"][et_pb_text _builder_version=\"4.27.3\" text_font=\"Montserrat||||||||\" text_font_size=\"24px\" text_line_height=\"1.6em\" header_font=\"Arial||||||||\" header_font_size=\"26px\" header_line_height=\"1.4em\" background_layout=\"dark\" animation_style=\"fade\" global_colors_info=\"{}\"]<\/p><h1>Wir sammeln historische Objekte aus dem Unteren Zusamtal: Kleidung in fr\u00fcheren Zeiten, landwirtschaftliche Ger\u00e4tsch\u00e4ften, alte Werkzeuge, Haushaltsgegenst\u00e4nde, Heiligenbilder, M\u00f6bel \u2013 und noch viel mehr. Inzwischen befinden sich \u00fcber 2.500 Objekte in unserem Fundus.<\/h1><p>[\/et_pb_text][\/et_pb_column][et_pb_column type=\"1_3\" _builder_version=\"4.22.2\" _module_preset=\"default\" global_colors_info=\"{}\"][\/et_pb_column][\/et_pb_row][et_pb_row column_structure=\"2_3,1_3\" _builder_version=\"4.27.3\" max_width=\"80%\" custom_margin=\"||||false|false\" custom_margin_tablet=\"|10%||10%\" custom_margin_phone=\"\" custom_margin_last_edited=\"on|tablet\" custom_padding=\"5px||5px|||\" use_custom_width=\"on\" width_unit=\"off\" global_colors_info=\"{}\"][et_pb_column type=\"2_3\" _builder_version=\"4.16\" custom_padding=\"|||\" global_colors_info=\"{}\" custom_padding__hover=\"|||\"][et_pb_text _builder_version=\"4.27.3\" _module_preset=\"default\" custom_margin=\"||4px|||\" global_colors_info=\"{}\"]<\/p><p><span style=\"color: #ffffff;\">Gerne nehmen wir Neuzug\u00e4nge entgegen. Bei Interesse nehmen Sie Kontakt auf mit 1. Vorsitzenden Dr. Johannes Mordstein (Tel. 08274\/9289898; <a style=\"color: #ffffff;\" href=\"mailto:johannes.mordstein@gmx.de\">johannes.mordstein@gmx.de<\/a>).<\/span><\/p><p><span style=\"color: #ffffff;\">\u00a0<\/span><\/p><p><span style=\"color: #ffffff;\">Unser Zuhause ist der <u>Zehentstadel<\/u> in Pfaffenhofen a. d. Zusam.<\/span><\/p><p>\u00a0<\/p><p>[\/et_pb_text][et_pb_button button_url=\"@ET-DC@eyJkeW5hbWljIjp0cnVlLCJjb250ZW50IjoicG9zdF9saW5rX3VybF9wYWdlIiwic2V0dGluZ3MiOnsicG9zdF9pZCI6IjE0NjYifX0=@\" button_text=\"Zehentstadel Pfaffenhofen\" _builder_version=\"4.27.3\" _dynamic_attributes=\"button_url\" _module_preset=\"default\" custom_button=\"on\" button_text_color=\"#FFFFFF\" custom_padding=\"||0px|||\" global_colors_info=\"{}\"][\/et_pb_button][et_pb_text _builder_version=\"4.27.3\" _module_preset=\"default\" global_colors_info=\"{}\"]<\/p><p><span style=\"color: #ffffff;\">Im Geb\u00e4ude der ehem. Genossenschaftsbank Frauenstetten befindet sich unser Depot f\u00fcr gro\u00dfe Objekte.<\/span><\/p><p>[\/et_pb_text][et_pb_button button_url=\"https:\/\/www.heimatverein-unteres-zusamtal.de\/index.php\/depot-frauenstetten\/\" button_text=\"Depot Frauenstetten\" _builder_version=\"4.27.3\" _module_preset=\"default\" custom_button=\"on\" button_text_color=\"#FFFFFF\" global_colors_info=\"{}\"][\/et_pb_button][\/et_pb_column][et_pb_column type=\"1_3\" _builder_version=\"4.22.2\" _module_preset=\"default\" global_colors_info=\"{}\"][et_pb_image src=\"https:\/\/www.heimatverein-unteres-zusamtal.de\/wp-content\/uploads\/2024\/11\/Heimatverein-Kaesinger-1-8559.jpg\" title_text=\"Heimatverein-Kaesinger-1-8559\" align=\"center\" _builder_version=\"4.27.3\" _module_preset=\"default\" module_alignment=\"center\" custom_margin=\"||||false|false\" custom_padding=\"||||false|true\" animation_style=\"slide\" animation_direction=\"right\" global_colors_info=\"{}\"][\/et_pb_image][\/et_pb_column][\/et_pb_row][et_pb_row column_structure=\"1_3,1_3,1_3\" _builder_version=\"4.27.3\" max_width=\"80%\" custom_margin=\"||||false|false\" custom_margin_tablet=\"|10%||10%\" custom_margin_phone=\"\" custom_margin_last_edited=\"on|tablet\" custom_padding=\"|||\" animation_style=\"slide\" animation_direction=\"left\" use_custom_width=\"on\" width_unit=\"off\" global_colors_info=\"{}\"][et_pb_column type=\"1_3\" _builder_version=\"4.16\" custom_padding=\"|||\" global_colors_info=\"{}\" custom_padding__hover=\"|||\"][et_pb_image src=\"https:\/\/www.heimatverein-unteres-zusamtal.de\/wp-content\/uploads\/2024\/11\/Heimatverein-Kaesinger-1-8569.jpg\" title_text=\"Heimatverein-Kaesinger-1-8569\" _builder_version=\"4.27.3\" _module_preset=\"default\" global_colors_info=\"{}\"][\/et_pb_image][\/et_pb_column][et_pb_column type=\"1_3\" _builder_version=\"4.22.2\" _module_preset=\"default\" global_colors_info=\"{}\"][et_pb_image src=\"https:\/\/www.heimatverein-unteres-zusamtal.de\/wp-content\/uploads\/2024\/11\/Heimatverein-Kaesinger-1-8583.jpg\" title_text=\"Heimatverein-Kaesinger-1-8583\" _builder_version=\"4.27.3\" _module_preset=\"default\" global_colors_info=\"{}\"][\/et_pb_image][\/et_pb_column][et_pb_column type=\"1_3\" _builder_version=\"4.22.2\" _module_preset=\"default\" global_colors_info=\"{}\"][et_pb_image src=\"https:\/\/www.heimatverein-unteres-zusamtal.de\/wp-content\/uploads\/2024\/11\/Heimatverein-Kaesinger-1-8583.jpg\" title_text=\"Heimatverein-Kaesinger-1-8583\" _builder_version=\"4.27.3\" _module_preset=\"default\" global_colors_info=\"{}\"][\/et_pb_image][\/et_pb_column][\/et_pb_row][\/et_pb_section][et_pb_section fb_built=\"1\" admin_label=\"Quote\" _builder_version=\"4.27.3\" background_color=\"#054089\" background_enable_image=\"off\" parallax=\"on\" max_width=\"97%\" max_width_tablet=\"100%\" max_width_phone=\"\" max_width_last_edited=\"on|desktop\" module_alignment=\"center\" custom_margin=\"2em||||false|false\" custom_padding=\"18px||||false|false\" animation_style=\"slide\" animation_direction=\"right\" border_radii=\"off|55px|||55px\" global_colors_info=\"{}\"][et_pb_row _builder_version=\"4.27.3\" max_width=\"80%\" custom_margin=\"||||false|false\" custom_margin_tablet=\"|10%||10%\" custom_margin_phone=\"\" custom_margin_last_edited=\"on|tablet\" custom_padding=\"|||\" use_custom_width=\"on\" width_unit=\"off\" global_colors_info=\"{}\"][et_pb_column type=\"4_4\" _builder_version=\"4.16\" custom_padding=\"|||\" global_colors_info=\"{}\" custom_padding__hover=\"|||\"][et_pb_text _builder_version=\"4.27.3\" text_font=\"Montserrat||||||||\" text_font_size=\"24px\" text_line_height=\"1.6em\" header_font=\"Arial||||||||\" header_font_size=\"26px\" background_layout=\"dark\" animation_style=\"fade\" global_colors_info=\"{}\"]<\/p><h1>Unser Ziel: Historische Sonderausstellungen \u00fcber viele verschiedene Themen der Heimatgeschichte<\/h1><p>[\/et_pb_text][et_pb_text _builder_version=\"4.27.3\" _module_preset=\"default\" text_text_color=\"#FFFFFF\" global_colors_info=\"{}\"]<\/p><p>Am Beispiel von interessanten, spannenden und aussagekr\u00e4ftigen Objekten werden die Sonderausstellungen die Geschichte des Unteren Zusamtals, seiner D\u00f6rfer und seiner Menschen beleuchten.<\/p><p>Hier einige Beispiele:<\/p><p>[\/et_pb_text][et_pb_blog fullwidth=\"off\" include_categories=\"60\" show_author=\"off\" show_date=\"off\" show_categories=\"off\" _builder_version=\"4.27.3\" _module_preset=\"default\" header_font_size=\"18px\" module_alignment=\"center\" global_colors_info=\"{}\"][\/et_pb_blog][\/et_pb_column][\/et_pb_row][et_pb_row _builder_version=\"4.27.3\" max_width=\"80%\" custom_margin=\"||||false|false\" custom_margin_tablet=\"|10%||10%\" custom_margin_phone=\"\" custom_margin_last_edited=\"on|tablet\" custom_padding=\"|||\" use_custom_width=\"on\" width_unit=\"off\" global_colors_info=\"{}\"][et_pb_column type=\"4_4\" _builder_version=\"4.16\" custom_padding=\"|||\" global_colors_info=\"{}\" custom_padding__hover=\"|||\"][et_pb_text _builder_version=\"4.27.3\" text_font=\"Montserrat||||||||\" text_font_size=\"24px\" text_line_height=\"1.6em\" header_font=\"Arial||||||||\" header_font_size=\"26px\" background_layout=\"dark\" animation_style=\"fade\" global_colors_info=\"{}\"]<\/p><h1>Fotos von Franz K\u00e4singer aus dem Museumsdepot<\/h1><p>[\/et_pb_text][\/et_pb_column][\/et_pb_row][et_pb_row _builder_version=\"4.27.3\" max_width=\"80%\" custom_margin=\"||||false|false\" custom_margin_tablet=\"|10%||10%\" custom_margin_phone=\"\" custom_margin_last_edited=\"on|tablet\" custom_padding=\"|||\" use_custom_width=\"on\" width_unit=\"off\" global_colors_info=\"{}\"][et_pb_column type=\"4_4\" _builder_version=\"4.16\" custom_padding=\"|||\" global_colors_info=\"{}\" custom_padding__hover=\"|||\"][et_pb_gallery gallery_ids=\"1113,1112,1111,1110\" posts_number=\"20\" show_title_and_caption=\"off\" show_pagination=\"off\" _builder_version=\"4.27.3\" _module_preset=\"default\" global_colors_info=\"{}\"][\/et_pb_gallery][\/et_pb_column][\/et_pb_row][\/et_pb_section][et_pb_section fb_built=\"1\" admin_label=\"Quote\" _builder_version=\"4.27.3\" background_color=\"#0C71C3\" background_enable_image=\"off\" parallax=\"on\" max_width=\"97%\" max_width_tablet=\"100%\" max_width_phone=\"\" max_width_last_edited=\"on|desktop\" module_alignment=\"center\" custom_margin=\"2em||||false|false\" custom_padding=\"18px||||false|false\" animation_style=\"slide\" animation_direction=\"left\" border_radii=\"off||55px|55px|\" global_colors_info=\"{}\"][et_pb_row column_structure=\"2_3,1_3\" _builder_version=\"4.27.3\" max_width=\"80%\" custom_margin=\"||||false|false\" custom_margin_tablet=\"|10%||10%\" custom_margin_phone=\"\" custom_margin_last_edited=\"on|tablet\" custom_padding=\"|||\" use_custom_width=\"on\" width_unit=\"off\" global_colors_info=\"{}\"][et_pb_column type=\"2_3\" _builder_version=\"4.16\" custom_padding=\"|||\" global_colors_info=\"{}\" custom_padding__hover=\"|||\"][et_pb_text _builder_version=\"4.27.3\" _module_preset=\"default\" header_font_size=\"26px\" global_colors_info=\"{}\"]<\/p><h1><span style=\"color: #ffffff;\">Lieblingsobjekte von ehrenamtlichen Vereinsmitarbeitern<\/span><\/h1><p>[\/et_pb_text][\/et_pb_column][et_pb_column type=\"1_3\" _builder_version=\"4.22.2\" _module_preset=\"default\" global_colors_info=\"{}\"][\/et_pb_column][\/et_pb_row][et_pb_row _builder_version=\"4.27.3\" _module_preset=\"default\" global_colors_info=\"{}\"][et_pb_column type=\"4_4\" _builder_version=\"4.27.3\" _module_preset=\"default\" global_colors_info=\"{}\"][et_pb_blog fullwidth=\"off\" include_categories=\"57\" show_author=\"off\" show_date=\"off\" _builder_version=\"4.27.3\" _module_preset=\"default\" global_colors_info=\"{}\"][\/et_pb_blog][\/et_pb_column][\/et_pb_row][et_pb_row column_structure=\"1_3,1_3,1_3\" _builder_version=\"4.27.3\" _module_preset=\"default\" global_colors_info=\"{}\"][et_pb_column type=\"1_3\" _builder_version=\"4.27.3\" _module_preset=\"default\" global_colors_info=\"{}\"][et_pb_image src=\"https:\/\/www.heimatverein-unteres-zusamtal.de\/wp-content\/uploads\/2024\/11\/Heimatverein-Kaesinger-1-8601.jpg\" title_text=\"Heimatverein-Kaesinger-1-8601\" align=\"center\" _builder_version=\"4.27.3\" _module_preset=\"default\" module_alignment=\"center\" custom_margin=\"||||false|false\" custom_padding=\"||||false|true\" animation_style=\"slide\" animation_direction=\"right\" global_colors_info=\"{}\"][\/et_pb_image][\/et_pb_column][et_pb_column type=\"1_3\" _builder_version=\"4.27.3\" _module_preset=\"default\" global_colors_info=\"{}\"][et_pb_image src=\"https:\/\/www.heimatverein-unteres-zusamtal.de\/wp-content\/uploads\/2024\/11\/Heimatverein-Kaesinger-1-8610.jpg\" title_text=\"Heimatverein-Kaesinger-1-8610\" align=\"center\" _builder_version=\"4.27.3\" _module_preset=\"default\" module_alignment=\"center\" custom_margin=\"||||false|false\" custom_padding=\"||||false|true\" animation_style=\"slide\" animation_direction=\"right\" global_colors_info=\"{}\"][\/et_pb_image][\/et_pb_column][et_pb_column type=\"1_3\" _builder_version=\"4.27.3\" _module_preset=\"default\" global_colors_info=\"{}\"][et_pb_image src=\"https:\/\/www.heimatverein-unteres-zusamtal.de\/wp-content\/uploads\/2024\/11\/Heimatverein-Kaesinger-1-8569.jpg\" title_text=\"Heimatverein-Kaesinger-1-8569\" align=\"center\" _builder_version=\"4.27.3\" _module_preset=\"default\" module_alignment=\"center\" custom_margin=\"||||false|false\" custom_padding=\"||||false|true\" animation_style=\"slide\" animation_direction=\"right\" global_colors_info=\"{}\"][\/et_pb_image][\/et_pb_column][\/et_pb_row][\/et_pb_section]<\/p>","_et_gb_content_width":"","footnotes":""},"class_list":["post-1740","page","type-page","status-publish","hentry"],"_links":{"self":[{"href":"https:\/\/www.heimatverein-unteres-zusamtal.de\/index.php\/wp-json\/wp\/v2\/pages\/1740","targetHints":{"allow":["GET"]}}],"collection":[{"href":"https:\/\/www.heimatverein-unteres-zusamtal.de\/index.php\/wp-json\/wp\/v2\/pages"}],"about":[{"href":"https:\/\/www.heimatverein-unteres-zusamtal.de\/index.php\/wp-json\/wp\/v2\/types\/page"}],"author":[{"embeddable":true,"href":"https:\/\/www.heimatverein-unteres-zusamtal.de\/index.php\/wp-json\/wp\/v2\/users\/1"}],"replies":[{"embeddable":true,"href":"https:\/\/www.heimatverein-unteres-zusamtal.de\/index.php\/wp-json\/wp\/v2\/comments?post=1740"}],"version-history":[{"count":5,"href":"https:\/\/www.heimatverein-unteres-zusamtal.de\/index.php\/wp-json\/wp\/v2\/pages\/1740\/revisions"}],"predecessor-version":[{"id":1749,"href":"https:\/\/www.heimatverein-unteres-zusamtal.de\/index.php\/wp-json\/wp\/v2\/pages\/1740\/revisions\/1749"}],"wp:attachment":[{"href":"https:\/\/www.heimatverein-unteres-zusamtal.de\/index.php\/wp-json\/wp\/v2\/media?parent=1740"}],"curies":[{"name":"wp","href":"https:\/\/api.w.org\/{rel}","templated":true}]}}